 the millions digit of 1159654820?
9
What is the ten millions digit of 1241285476?
4
What is the hundred thousands digit of 1124071588?
0
What is the ten millions digit of 3174082438?
7
What is the tens digit of 63305774?
7
What is the millions digit of 10862964?
0
What is the units digit of 1520153?
3
What is the hundreds digit of 104642949?
9
What is the units digit of 451586506?
6
What is the millions digit of 115638717?
5
What is the tens digit of 77692590?
9
What is the tens digit of 916849914?
1
What is the tens digit of 365150501?
0
What is the ten thousands digit of 64238152?
3
What is the hundred millions digit of 445280520?
4
What is the ten millions digit of 146193712?
4
What is the thousands digit of 37946427?
6
What is the ten millions digit of 37334574?
3
What is the hundred thousands digit of 104173022?
1
What is the thousands digit of 7111339333?
9
What is the billions digit of 1132733133?
1
What is the units digit of 717322562?
2
What is the ten millions digit of 1336596010?
3
What is the thousands digit of 468015203?
5
What is the hundreds digit of 264069492?
4
What is the units digit of 229456444?
4
What is the millions digit of 62742297?
2
What is the hundred millions digit of 1329581967?
3
What is the millions digit of 64288345?
4
What is the billions digit of 1246123730?
1
What is the hundreds digit of 359999497?
4
What is the thousands digit of 228135980?
5
What is the units digit of 28653222?
2
What is the thousands digit of 26687724?
7
What is the ten millions digit of 4368162877?
6
What is the tens digit of 64156976?
7
What is the ten millions digit of 24311310?
2
What is the millions digit of 569358776?
9
What is the ten thousands digit of 118268955?
6
What is the hundred millions digit of 417708983?
4
What is the ten thousands digit of 623670778?
7
What is the hundreds digit of 34732514?
5
What is the thousands digit of 48112402?
2
What is the tens digit of 19949672?
7
What is the millions digit of 218680376?
8
What is the hundred thousands digit of 98215045?
2
What is the hundred millions digit of 357698009?
3
What is the millions digit of 164448872?
4
What is the ten thousands digit of 6135623289?
2
What is the ten thousands digit of 81966339?
6
What is the hundred thousands digit of 4763865?
7
What is the tens digit of 384759940?
4
What is the millions digit of 95799323?
5
What is the tens digit of 734318692?
9
What is the millions digit of 65651434?
5
What is the hundreds digit of 702853318?
3
What is the millions digit of 630147955?
0
What is the units digit of 875925627?
7
What is the ten millions digit of 96610209?
9
What is the billions digit of 6469159547?
6
What is the hundred millions digit of 593993718?
5
What is the hundreds digit of 441407043?
0
What is the ten millions digit of 173598407?
7
What is the thousands digit of 179326386?
6
What is the units digit of 37274103?
3
What is the hundreds digit of 2638577?
5
What is the thousands digit of 2358601551?
1
What is the ten thousands digit of 1649400460?
0
What is the hundreds digit of 52313545?
5
What is the tens digit of 2485291506?
0
What is the tens digit of 29534325?
2
What is the hundred thousands digit of 1008013404?
0
What is the tens digit of 810389183?
8
What is the ten millions digit of 23889639?
2
What is the billions digit of 1396975615?
1
What is the units digit of 3264220155?
5
What is the hundreds digit of 50265230?
2
What is the ten thousands digit of 139528993?
2
What is the ten thousands digit of 65415291?
1
What is the tens digit of 128517974?
7
What is the millions digit of 1064239739?
4
What is the hundred millions digit of 5597941727?
5
What is the ten millions digit of 1118917660?
1
What is the thousands digit of 465758365?
8
What is the hundred millions digit of 133797668?
1
What is the hundreds digit of 1360269868?
8
What is the hundred millions digit of 4515590323?
5
What is the hundreds digit of 1437228524?
5
What is the hundred thousands digit of 93871971?
8
What is the hundred thousands digit of 38016911?
0
What is the units digit of 92948587?
7
What is the millions digit of 96590681?
6
What is the tens digit of 95264247?
4
What is the ten thousands digit of 868831354?
3
What is the hundreds digit of 4220196313?
3
What is the ten millions digit of 63943811?
6
What is the hundreds digit of 75654795?
7
What is the tens digit of 36154489?
8
What is the ten millions digit of 190720552?
9
What is the hundreds digit of 1610861505?
5
What is the hundred thousands digit of 85221883?
2
What is the hundreds digit of 2052724449?
4
What is the hundred thousands digit of 571771659?
7
What is the hundred millions digit of 1085880807?
0
What is the hundred millions digit of 292806837?
2
What is the millions digit of 129494115?
9
What is the ten thousands digit of 266864172?
6
What is the millions digit of 921275486?
1
What is the ten millions digit of 3205265142?
0
What is the hundreds digit of 74481137?
1
What is the hundred millions digit of 702480255?
7
What is the ten thousands digit of 12857110?
5
What is the hundred thousands digit of 509966305?
9
What is the tens digit of 171996139?
3
What is the ten thousands digit of 26369369?
6
What is the hundreds digit of 72156718?
7
What is the hundred thousands digit of 231185118?
1
What is the thousands digit of 51141759?
1
What is the hundred millions digit of 299379466?
2
What is the units digit of 91907639?
9
What is the hundreds digit of 56089191?
1
What is the tens digit of 100920957?
5
What is the hundred millions digit of 3662783728?
6
What is the millions digit of 32643791?
2
What is the tens digit of 3401377348?
4
What is the ten millions digit of 1364432652?
6
What is the ten thousands digit of 270332929?
3
What is the ten millions digit of 445259883?
4
What is the units digit of 128515182?
2
What is the tens digit of 538980957?
5
What is the units digit of 470002936?
6
What is the units digit of 83948610?
0
What is the hundreds digit of 2241379781?
7
What is the hundred thousands digit of 691912103?
9
What is the tens digit of 106333879?
7
What is the hundred millions digit of 168703506?
1
What is the tens digit of 448392757?
5
What is the units digit of 281592608?
8
What is the hundreds digit of 787673006?
0
What is the ten millions digit of 410575197?
1
What is the ten millions digit of 180233916?
8
What is the hundreds digit of 84377399?
3
What is the thousands digit of 291874132?
4
What is the hundreds digit of 790745001?
0
What is the ten thousands digit of 2555252723?
5
What is the ten thousands digit of 207542487?
4
What is the millions digit of 60024733?
0
What is the units digit of 265141586?
6
What is the hundred millions digit of 3148473805?
1
What is the hundred thousands digit of 6304689?
3
What is the thousands digit of 89620222?
0
What is the ten millions digit of 32405139?
3
What is the ten thousands digit of 58690272?
9
What is the tens digit of 887609945?
4
What is the billions digit of 1569516212?
1
What is the ten millions digit of 46238008?
4
What is the tens digit of 1092280206?
0
What is the millions digit of 31325574?
1
What is the hundred millions digit of 293862498?
2
What is the hundreds digit of 5752465170?
1
What is the ten millions digit of 882156888?
8
What is the hundred millions digit of 156046180?
1
What is the tens digit of 8064652944?
4
What is the tens digit of 383362876?
7
What is the units digit of 4046701699?
9
What is the ten millions digit of 82822722?
8
What is the millions digit of 68577335?
8
What is the millions digit of 119033558?
9
What is the ten millions digit of 436459610?
3
What is the ten thousands digit of 595544144?
4
What is the ten thousands digit of 183920895?
2
What is the units digit of 99447474?
4
What is the ten thousands digit of 6627779?
2
What is the hundred thousands digit of 612750192?
7
What is the hundred thousands digit of 50649992?
6
What is the hundreds digit of 63249445?
4
What is the hundred thousands digit of 297204610?
2
What is the hundreds digit of 4243217588?
5
What is the units digit of 38669971?
1
What is the millions digit of 202114070?
2
What is the thousands digit of 1416752032?
2
What is the millions digit of 71399384?
1
What is the tens digit of 507846025?
2
What is the hundreds digit of 44